{"id":421,"date":"2024-06-18T15:50:25","date_gmt":"2024-06-18T15:50:25","guid":{"rendered":"https:\/\/unlimited.sdu.dk\/?page_id=421"},"modified":"2024-06-21T08:22:18","modified_gmt":"2024-06-21T08:22:18","slug":"teaching-freedom","status":"publish","type":"page","link":"https:\/\/unlimited.sdu.dk\/?page_id=421","title":{"rendered":"TEACHING FREEDOM IN DANISH AND OTHER EUROPEAN UNIVERSITIES: OPEN WEBINAR"},"content":{"rendered":"\t\t<div data-elementor-type=\"wp-page\" data-elementor-id=\"421\" class=\"elementor elementor-421\">\n\t\t\t\t<div class=\"elementor-element elementor-element-d84a8d9 e-flex e-con-boxed e-con e-parent\" data-id=\"d84a8d9\" data-element_type=\"container\" data-e-type=\"container\">\n\t\t\t\t\t<div class=\"e-con-inner\">\n\t\t\t\t<div class=\"elementor-element elementor-element-4b3da7b elementor-widget elementor-widget-spacer\" data-id=\"4b3da7b\" data-element_type=\"widget\" data-e-type=\"widget\" data-widget_type=\"spacer.default\">\n\t\t\t\t<div class=\"elementor-widget-container\">\n\t\t\t\t\t\t\t<div class=\"elementor-spacer\">\n\t\t\t<div class=\"elementor-spacer-inner\"><\/div>\n\t\t<\/div>\n\t\t\t\t\t\t<\/div>\n\t\t\t\t<\/div>\n\t\t\t\t\t<\/div>\n\t\t\t\t<\/div>\n\t\t<div class=\"elementor-element elementor-element-34bec74 e-flex e-con-boxed e-con e-parent\" data-id=\"34bec74\" data-element_type=\"container\" data-e-type=\"container\">\n\t\t\t\t\t<div class=\"e-con-inner\">\n\t\t<div class=\"elementor-element elementor-element-6818867 e-con-full e-flex e-con e-child\" data-id=\"6818867\" data-element_type=\"container\" data-e-type=\"container\">\n\t\t\t\t<div class=\"elementor-element elementor-element-ac618e5 elementor-widget elementor-widget-heading\" data-id=\"ac618e5\" data-element_type=\"widget\" data-e-type=\"widget\" data-widget_type=\"heading.default\">\n\t\t\t\t<div class=\"elementor-widget-container\">\n\t\t\t\t\t<h2 class=\"elementor-heading-title elementor-size-default\">TEACHING FREEDOM IN DANISH AND OTHER EUROPEAN UNIVERSITIES: OPEN WEBINAR<\/h2>\t\t\t\t<\/div>\n\t\t\t\t<\/div>\n\t\t\t\t<div class=\"elementor-element elementor-element-f5ed428 elementor-widget elementor-widget-text-editor\" data-id=\"f5ed428\" data-element_type=\"widget\" data-e-type=\"widget\" data-widget_type=\"text-editor.default\">\n\t\t\t\t<div class=\"elementor-widget-container\">\n\t\t\t\t\t\t\t\t\t<p>Teaching freedom in Danish and other European universities\u00a0\u2013 webinar facilitated by the\u00a0Danish Network for Educational Development in Higher Education\u00a0Special Interest Groups:\u00a0Teaching and Learning in the International Classroom (TLIC)\u00a0and\u00a0Bias Aware Teaching and Learning (BATL)<\/p><p>Teaching freedom is a key element in science dissemination and in the education of the new generations. Teaching freedom should be based on free and fluid interaction between teachers and students. However, teaching freedom oftentimes faces challenges such as weak teacher\u00b4s protection, institutional bureaucracy, excessive focus on the destination (grades) over the journey (learning process), among others.<\/p><p>We are delighted that two colleagues from SDU\u2019s Department of Law Sten Schaumburg-M\u00fcller and Jos\u00e9 Maria Lorenzo Villaverde will contribute to the webinar. Sten Schaumburg-M\u00fcller will share insights from his research and publications on teaching and academic freedom in Danish universities and Jos\u00e9 Maria Lorenzo Villaverde will share reflections on other European perspectives and experiences to help us contextualise and better assess teaching freedom in Denmark. The webinar includes time for questions and group discussions.<\/p><p>Read more and register here\u00a0<a href=\"https:\/\/dun-net.dk\/aktiviteter\/2023\/teaching-freedom-in-danish-and-other-european-universities-sig-webinar\/\">https:\/\/dun-net.dk\/aktiviteter\/2023\/teaching-freedom-in-danish-and-other-european-universities-sig-webinar\/<\/a>\u00a0<\/p>\t\t\t\t\t\t\t\t<\/div>\n\t\t\t\t<\/div>\n\t\t\t\t<\/div>\n\t\t\t\t\t<\/div>\n\t\t\t\t<\/div>\n\t\t\t\t<\/div>\n\t\t","protected":false},"excerpt":{"rendered":"<p>TEACHING FREEDOM IN DANISH AND OTHER EUROPEAN UNIVERSITIES: OPEN WEBINAR Teaching freedom in Danish and other European universities\u00a0\u2013 webinar facilitated by the\u00a0Danish Network for Educational Development in Higher Education\u00a0Special Interest Groups:\u00a0Teaching and Learning in the International Classroom (TLIC)\u00a0and\u00a0Bias Aware Teaching and Learning (BATL) Teaching freedom is a key element in science dissemination and in the [&hellip;]<\/p>\n","protected":false},"author":4,"featured_media":0,"parent":0,"menu_order":0,"comment_status":"closed","ping_status":"closed","template":"","meta":{"footnotes":""},"class_list":["post-421","page","type-page","status-publish","hentry"],"_links":{"self":[{"href":"https:\/\/unlimited.sdu.dk\/index.php?rest_route=\/wp\/v2\/pages\/421","targetHints":{"allow":["GET"]}}],"collection":[{"href":"https:\/\/unlimited.sdu.dk\/index.php?rest_route=\/wp\/v2\/pages"}],"about":[{"href":"https:\/\/unlimited.sdu.dk\/index.php?rest_route=\/wp\/v2\/types\/page"}],"author":[{"embeddable":true,"href":"https:\/\/unlimited.sdu.dk\/index.php?rest_route=\/wp\/v2\/users\/4"}],"replies":[{"embeddable":true,"href":"https:\/\/unlimited.sdu.dk\/index.php?rest_route=%2Fwp%2Fv2%2Fcomments&post=421"}],"version-history":[{"count":7,"href":"https:\/\/unlimited.sdu.dk\/index.php?rest_route=\/wp\/v2\/pages\/421\/revisions"}],"predecessor-version":[{"id":490,"href":"https:\/\/unlimited.sdu.dk\/index.php?rest_route=\/wp\/v2\/pages\/421\/revisions\/490"}],"wp:attachment":[{"href":"https:\/\/unlimited.sdu.dk\/index.php?rest_route=%2Fwp%2Fv2%2Fmedia&parent=421"}],"curies":[{"name":"wp","href":"https:\/\/api.w.org\/{rel}","templated":true}]}}